{"id":1133,"date":"2023-11-10T09:39:26","date_gmt":"2023-11-10T08:39:26","guid":{"rendered":"http:\/\/nowa.ghg.opole.pl\/?page_id=1133"},"modified":"2024-04-23T14:20:53","modified_gmt":"2024-04-23T12:20:53","slug":"modernizacja-urzadzen","status":"publish","type":"page","link":"https:\/\/ghg.opole.pl\/index.php\/oferta\/modernizacja-urzadzen\/","title":{"rendered":"Modernizacja urz\u0105dze\u0144"},"content":{"rendered":"<style>.kb-row-layout-id1133_62c1c0-73 > .kt-row-column-wrap{align-content:start;}:where(.kb-row-layout-id1133_62c1c0-73 > .kt-row-column-wrap) > .wp-block-kadence-column{justify-content:start;}.kb-row-layout-id1133_62c1c0-73 > .kt-row-column-wrap{column-gap:var(--global-kb-gap-md, 2rem);row-gap:var(--global-kb-gap-md, 2rem);padding-top:var(--global-kb-spacing-sm, 1.5rem);padding-bottom:var(--global-kb-spacing-sm, 1.5rem);grid-template-columns:minmax(0, 1fr);}.kb-row-layout-id1133_62c1c0-73{background-image:url('https:\/\/ghg.opole.pl\/wp-content\/uploads\/2023\/11\/wozek-widlowy11.jpg');background-size:cover;background-position:50% 27%;background-attachment:scroll;background-repeat:no-repeat;}.kb-row-layout-id1133_62c1c0-73 > .kt-row-layout-overlay{opacity:0.30;}@media all and (max-width: 1024px){.kb-row-layout-id1133_62c1c0-73 > .kt-row-column-wrap{grid-template-columns:minmax(0, 1fr);}}@media all and (max-width: 767px){.kb-row-layout-id1133_62c1c0-73 > .kt-row-column-wrap{grid-template-columns:minmax(0, 1fr);}}<\/style><div class=\"kb-row-layout-wrap kb-row-layout-id1133_62c1c0-73 alignnone kt-row-has-bg wp-block-kadence-rowlayout\"><div class=\"kt-row-column-wrap kt-has-1-columns kt-row-layout-equal kt-tab-layout-inherit kt-mobile-layout-row kt-row-valign-top\">\n<style>.kadence-column1133_4669ed-0d > .kt-inside-inner-col{display:flex;}.kadence-column1133_4669ed-0d > .kt-inside-inner-col{min-height:200px;}.kadence-column1133_4669ed-0d > .kt-inside-inner-col,.kadence-column1133_4669ed-0d > .kt-inside-inner-col:before{border-top-left-radius:0px;border-top-right-radius:0px;border-bottom-right-radius:0px;border-bottom-left-radius:0px;}.kadence-column1133_4669ed-0d > .kt-inside-inner-col{column-gap:var(--global-kb-gap-sm, 1rem);}.kadence-column1133_4669ed-0d > .kt-inside-inner-col{flex-direction:column;justify-content:center;}.kadence-column1133_4669ed-0d > .kt-inside-inner-col > .aligncenter{width:100%;}.kt-row-column-wrap > .kadence-column1133_4669ed-0d{align-self:center;}.kt-inner-column-height-full:not(.kt-has-1-columns) > .wp-block-kadence-column.kadence-column1133_4669ed-0d{align-self:auto;}.kt-inner-column-height-full:not(.kt-has-1-columns) > .wp-block-kadence-column.kadence-column1133_4669ed-0d > .kt-inside-inner-col{flex-direction:column;justify-content:center;}.kadence-column1133_4669ed-0d > .kt-inside-inner-col:before{opacity:0.3;}.kadence-column1133_4669ed-0d{position:relative;}@media all and (max-width: 1024px){.kt-row-column-wrap > .kadence-column1133_4669ed-0d{align-self:center;}}@media all and (max-width: 1024px){.kt-inner-column-height-full:not(.kt-has-1-columns) > .wp-block-kadence-column.kadence-column1133_4669ed-0d{align-self:auto;}}@media all and (max-width: 1024px){.kt-inner-column-height-full:not(.kt-has-1-columns) > .wp-block-kadence-column.kadence-column1133_4669ed-0d > .kt-inside-inner-col{flex-direction:column;justify-content:center;}}@media all and (max-width: 1024px){.kadence-column1133_4669ed-0d > .kt-inside-inner-col{flex-direction:column;justify-content:center;}}@media all and (max-width: 767px){.kt-row-column-wrap > .kadence-column1133_4669ed-0d{align-self:center;}.kt-inner-column-height-full:not(.kt-has-1-columns) > .wp-block-kadence-column.kadence-column1133_4669ed-0d{align-self:auto;}.kt-inner-column-height-full:not(.kt-has-1-columns) > .wp-block-kadence-column.kadence-column1133_4669ed-0d > .kt-inside-inner-col{flex-direction:column;justify-content:center;}.kadence-column1133_4669ed-0d > .kt-inside-inner-col{flex-direction:column;justify-content:center;}}<\/style>\n<div class=\"wp-block-kadence-column kadence-column1133_4669ed-0d\"><div class=\"kt-inside-inner-col\"><style>.wp-block-kadence-advancedheading.kt-adv-heading1133_edd827-b0, .wp-block-kadence-advancedheading.kt-adv-heading1133_edd827-b0[data-kb-block=\"kb-adv-heading1133_edd827-b0\"]{text-align:center;font-style:normal;text-transform:uppercase;}.wp-block-kadence-advancedheading.kt-adv-heading1133_edd827-b0 mark.kt-highlight, .wp-block-kadence-advancedheading.kt-adv-heading1133_edd827-b0[data-kb-block=\"kb-adv-heading1133_edd827-b0\"] mark.kt-highlight{font-style:normal;color:#f76a0c;-webkit-box-decoration-break:clone;box-decoration-break:clone;padding-top:0px;padding-right:0px;padding-bottom:0px;padding-left:0px;}.wp-block-kadence-advancedheading.kt-adv-heading1133_edd827-b0 img.kb-inline-image, .wp-block-kadence-advancedheading.kt-adv-heading1133_edd827-b0[data-kb-block=\"kb-adv-heading1133_edd827-b0\"] img.kb-inline-image{width:150px;vertical-align:baseline;}<\/style>\n<h1 class=\"kt-adv-heading1133_edd827-b0 wp-block-kadence-advancedheading has-theme-palette-2-color has-text-color\" data-kb-block=\"kb-adv-heading1133_edd827-b0\">Modernizacja urz\u0105dze\u0144<\/h1>\n<\/div><\/div>\n\n<\/div><\/div>\n\n<style>.kb-row-layout-id1133_a9abef-c0 > .kt-row-column-wrap{align-content:start;}:where(.kb-row-layout-id1133_a9abef-c0 > .kt-row-column-wrap) > .wp-block-kadence-column{justify-content:start;}.kb-row-layout-id1133_a9abef-c0 > .kt-row-column-wrap{column-gap:var(--global-kb-gap-md, 2rem);row-gap:var(--global-kb-gap-md, 2rem);padding-top:5%;padding-right:5%;padding-bottom:5%;padding-left:5%;grid-template-columns:minmax(0, 1fr);}.kb-row-layout-id1133_a9abef-c0 > .kt-row-layout-overlay{opacity:0.30;}@media all and (max-width: 1024px){.kb-row-layout-id1133_a9abef-c0 > .kt-row-column-wrap{grid-template-columns:minmax(0, 1fr);}}@media all and (max-width: 767px){.kb-row-layout-id1133_a9abef-c0 > .kt-row-column-wrap{grid-template-columns:minmax(0, 1fr);}}<\/style><div class=\"kb-row-layout-wrap kb-row-layout-id1133_a9abef-c0 alignnone wp-block-kadence-rowlayout\"><div class=\"kt-row-column-wrap kt-has-1-columns kt-row-layout-equal kt-tab-layout-inherit kt-mobile-layout-row kt-row-valign-top\">\n<style>.kadence-column1133_1d94d4-c0 > .kt-inside-inner-col,.kadence-column1133_1d94d4-c0 > .kt-inside-inner-col:before{border-top-left-radius:0px;border-top-right-radius:0px;border-bottom-right-radius:0px;border-bottom-left-radius:0px;}.kadence-column1133_1d94d4-c0 > .kt-inside-inner-col{column-gap:var(--global-kb-gap-sm, 1rem);}.kadence-column1133_1d94d4-c0 > .kt-inside-inner-col{flex-direction:column;}.kadence-column1133_1d94d4-c0 > .kt-inside-inner-col > .aligncenter{width:100%;}.kadence-column1133_1d94d4-c0 > .kt-inside-inner-col:before{opacity:0.3;}.kadence-column1133_1d94d4-c0{position:relative;}@media all and (max-width: 1024px){.kadence-column1133_1d94d4-c0 > .kt-inside-inner-col{flex-direction:column;justify-content:center;}}@media all and (max-width: 767px){.kadence-column1133_1d94d4-c0 > .kt-inside-inner-col{flex-direction:column;justify-content:center;}}<\/style>\n<div class=\"wp-block-kadence-column kadence-column1133_1d94d4-c0\" data-aos=\"slide-right\" data-aos-duration=\"800\"><div class=\"kt-inside-inner-col\"><style>.wp-block-kadence-advancedheading.kt-adv-heading1133_15c437-5c, .wp-block-kadence-advancedheading.kt-adv-heading1133_15c437-5c[data-kb-block=\"kb-adv-heading1133_15c437-5c\"]{font-style:normal;}.wp-block-kadence-advancedheading.kt-adv-heading1133_15c437-5c mark.kt-highlight, .wp-block-kadence-advancedheading.kt-adv-heading1133_15c437-5c[data-kb-block=\"kb-adv-heading1133_15c437-5c\"] mark.kt-highlight{font-style:normal;color:#f76a0c;-webkit-box-decoration-break:clone;box-decoration-break:clone;padding-top:0px;padding-right:0px;padding-bottom:0px;padding-left:0px;}.wp-block-kadence-advancedheading.kt-adv-heading1133_15c437-5c img.kb-inline-image, .wp-block-kadence-advancedheading.kt-adv-heading1133_15c437-5c[data-kb-block=\"kb-adv-heading1133_15c437-5c\"] img.kb-inline-image{width:150px;vertical-align:baseline;}<\/style>\n<h5 class=\"kt-adv-heading1133_15c437-5c wp-block-kadence-advancedheading\" data-kb-block=\"kb-adv-heading1133_15c437-5c\"><strong>Modernizacja<\/strong> urz\u0105dze\u0144 transportu bliskiego ma na celu ich unowocze\u015bnienie lub doposa\u017cenie o podzespo\u0142y b\u0105d\u017a parametry techniczne.<\/h5>\n\n\n<style>.wp-block-kadence-advancedheading.kt-adv-heading1133_afc694-ec, .wp-block-kadence-advancedheading.kt-adv-heading1133_afc694-ec[data-kb-block=\"kb-adv-heading1133_afc694-ec\"]{font-style:normal;}.wp-block-kadence-advancedheading.kt-adv-heading1133_afc694-ec mark.kt-highlight, .wp-block-kadence-advancedheading.kt-adv-heading1133_afc694-ec[data-kb-block=\"kb-adv-heading1133_afc694-ec\"] mark.kt-highlight{font-style:normal;color:#f76a0c;-webkit-box-decoration-break:clone;box-decoration-break:clone;padding-top:0px;padding-right:0px;padding-bottom:0px;padding-left:0px;}.wp-block-kadence-advancedheading.kt-adv-heading1133_afc694-ec img.kb-inline-image, .wp-block-kadence-advancedheading.kt-adv-heading1133_afc694-ec[data-kb-block=\"kb-adv-heading1133_afc694-ec\"] img.kb-inline-image{width:150px;vertical-align:baseline;}<\/style>\n<h5 class=\"kt-adv-heading1133_afc694-ec wp-block-kadence-advancedheading\" data-kb-block=\"kb-adv-heading1133_afc694-ec\"><strong>Aby skutecznie przeprowadzi\u0107 modernizacj\u0119 nale\u017cy systematycznie dokonywa\u0107 okresowych przegl\u0105d\u00f3w konserwacyjnych urz\u0105dzenia oraz ewentualnych usterek wynikaj\u0105cych podczas przegl\u0105du.<\/strong><\/h5>\n<\/div><\/div>\n\n\n<style>.kadence-column1133_771146-59 > .kt-inside-inner-col,.kadence-column1133_771146-59 > .kt-inside-inner-col:before{border-top-left-radius:0px;border-top-right-radius:0px;border-bottom-right-radius:0px;border-bottom-left-radius:0px;}.kadence-column1133_771146-59 > .kt-inside-inner-col{column-gap:var(--global-kb-gap-sm, 1rem);}.kadence-column1133_771146-59 > .kt-inside-inner-col{flex-direction:column;}.kadence-column1133_771146-59 > .kt-inside-inner-col > .aligncenter{width:100%;}.kadence-column1133_771146-59 > .kt-inside-inner-col:before{opacity:0.3;}.kadence-column1133_771146-59{position:relative;}@media all and (max-width: 1024px){.kadence-column1133_771146-59 > .kt-inside-inner-col{flex-direction:column;justify-content:center;}}@media all and (max-width: 767px){.kadence-column1133_771146-59 > .kt-inside-inner-col{flex-direction:column;justify-content:center;}}<\/style>\n<div class=\"wp-block-kadence-column kadence-column1133_771146-59\" data-aos=\"slide-right\" data-aos-duration=\"800\"><div class=\"kt-inside-inner-col\"><style>.wp-block-kadence-advancedheading.kt-adv-heading1133_3923e3-f4, .wp-block-kadence-advancedheading.kt-adv-heading1133_3923e3-f4[data-kb-block=\"kb-adv-heading1133_3923e3-f4\"]{font-style:normal;}.wp-block-kadence-advancedheading.kt-adv-heading1133_3923e3-f4 mark.kt-highlight, .wp-block-kadence-advancedheading.kt-adv-heading1133_3923e3-f4[data-kb-block=\"kb-adv-heading1133_3923e3-f4\"] mark.kt-highlight{font-style:normal;color:#f76a0c;-webkit-box-decoration-break:clone;box-decoration-break:clone;padding-top:0px;padding-right:0px;padding-bottom:0px;padding-left:0px;}.wp-block-kadence-advancedheading.kt-adv-heading1133_3923e3-f4 img.kb-inline-image, .wp-block-kadence-advancedheading.kt-adv-heading1133_3923e3-f4[data-kb-block=\"kb-adv-heading1133_3923e3-f4\"] img.kb-inline-image{width:150px;vertical-align:baseline;}<\/style>\n<p class=\"kt-adv-heading1133_3923e3-f4 wp-block-kadence-advancedheading\" data-kb-block=\"kb-adv-heading1133_3923e3-f4\">Nasza firma posiada uprawnienia do dokonywania modernizacji:<\/p>\n\n\n\n<ul class=\"wp-block-list\">\n<li>suwnic, d\u017awig\u00f3w, wci\u0105gnik\u00f3w, wci\u0105garek nadane w dniu 15.04.2010 roku wydane przez Urz\u0105d Dozoru Technicznego.<\/li>\n\n\n\n<li>podest\u00f3w ruchomych, \u017curawi przeno\u015bnych, w\u00f3zk\u00f3w jezdniowych nadane w dniu 10.03.2014 roku wydane przez Urz\u0105d Dozoru Technicznego.<\/li>\n<\/ul>\n\n\n<style>.wp-block-kadence-advancedheading.kt-adv-heading1133_91160f-11, .wp-block-kadence-advancedheading.kt-adv-heading1133_91160f-11[data-kb-block=\"kb-adv-heading1133_91160f-11\"]{font-style:normal;}.wp-block-kadence-advancedheading.kt-adv-heading1133_91160f-11 mark.kt-highlight, .wp-block-kadence-advancedheading.kt-adv-heading1133_91160f-11[data-kb-block=\"kb-adv-heading1133_91160f-11\"] mark.kt-highlight{font-style:normal;color:#f76a0c;-webkit-box-decoration-break:clone;box-decoration-break:clone;padding-top:0px;padding-right:0px;padding-bottom:0px;padding-left:0px;}.wp-block-kadence-advancedheading.kt-adv-heading1133_91160f-11 img.kb-inline-image, .wp-block-kadence-advancedheading.kt-adv-heading1133_91160f-11[data-kb-block=\"kb-adv-heading1133_91160f-11\"] img.kb-inline-image{width:150px;vertical-align:baseline;}<\/style>\n<p class=\"kt-adv-heading1133_91160f-11 wp-block-kadence-advancedheading\" data-kb-block=\"kb-adv-heading1133_91160f-11\">Potrzeba modernizacji d\u017awig\u00f3w, suwnic i wci\u0105gnik\u00f3w wynika przede wszystkim z post\u0119pu technicznego w tej bran\u017cy oraz coraz wy\u017cszych wymaga\u0144 dotycz\u0105cych bezpiecze\u0144stwa u\u017cytkowania. Prowadzona konserwacja utrzymuje urz\u0105dzenia d\u017awigowe jedynie na za\u0142o\u017conym przy ich projektowaniu poziomie funkcjonalno\u015bci eksploatacyjnej oraz bezpiecze\u0144stwa.<\/p>\n<\/div><\/div>\n\n\n<style>.kadence-column1133_40a141-2e > .kt-inside-inner-col,.kadence-column1133_40a141-2e > .kt-inside-inner-col:before{border-top-left-radius:0px;border-top-right-radius:0px;border-bottom-right-radius:0px;border-bottom-left-radius:0px;}.kadence-column1133_40a141-2e > .kt-inside-inner-col{column-gap:var(--global-kb-gap-sm, 1rem);}.kadence-column1133_40a141-2e > .kt-inside-inner-col{flex-direction:column;}.kadence-column1133_40a141-2e > .kt-inside-inner-col > .aligncenter{width:100%;}.kadence-column1133_40a141-2e > .kt-inside-inner-col:before{opacity:0.3;}.kadence-column1133_40a141-2e{position:relative;}@media all and (max-width: 1024px){.kadence-column1133_40a141-2e > .kt-inside-inner-col{flex-direction:column;justify-content:center;}}@media all and (max-width: 767px){.kadence-column1133_40a141-2e > .kt-inside-inner-col{flex-direction:column;justify-content:center;}}<\/style>\n<div class=\"wp-block-kadence-column kadence-column1133_40a141-2e\" data-aos=\"slide-right\" data-aos-duration=\"800\" data-aos-delay=\"400\"><div class=\"kt-inside-inner-col\">\n<p>Oferujemy:<\/p>\n\n\n\n<ul class=\"wp-block-list\">\n<li>naprawy urz\u0105dze\u0144 d\u017awigowych i suwnicowych<\/li>\n\n\n\n<li>remonty elektrowci\u0105g\u00f3w i wind przemys\u0142owych<\/li>\n\n\n\n<li>renowacje maszyn i urz\u0105dze\u0144 przemys\u0142owych<\/li>\n\n\n\n<li>w\u00f3zki wid\u0142owe<\/li>\n\n\n\n<li>podesty ruchome<\/li>\n\n\n\n<li>\u017curawie samojezdne<\/li>\n\n\n\n<li>w\u00f3zki specjalistyczne<\/li>\n\n\n\n<li>podno\u015bniki samochodowe<\/li>\n<\/ul>\n<\/div><\/div>\n\n<\/div><\/div>","protected":false},"excerpt":{"rendered":"<p>Modernizacja urz\u0105dze\u0144 Modernizacja urz\u0105dze\u0144 transportu bliskiego ma na celu ich unowocze\u015bnienie lub doposa\u017cenie o podzespo\u0142y b\u0105d\u017a parametry techniczne. Aby skutecznie przeprowadzi\u0107 modernizacj\u0119 nale\u017cy systematycznie dokonywa\u0107 okresowych przegl\u0105d\u00f3w konserwacyjnych urz\u0105dzenia oraz&#8230;<\/p>\n","protected":false},"author":1,"featured_media":0,"parent":1127,"menu_order":2,"comment_status":"closed","ping_status":"closed","template":"","meta":{"_kad_blocks_custom_css":"","_kad_blocks_head_custom_js":"","_kad_blocks_body_custom_js":"","_kad_blocks_footer_custom_js":"","_EventAllDay":false,"_EventTimezone":"","_EventStartDate":"","_EventEndDate":"","_EventStartDateUTC":"","_EventEndDateUTC":"","_EventShowMap":false,"_EventShowMapLink":false,"_EventURL":"","_EventCost":"","_EventCostDescription":"","_EventCurrencySymbol":"","_EventCurrencyCode":"","_EventCurrencyPosition":"","_EventDateTimeSeparator":"","_EventTimeRangeSeparator":"","_EventOrganizerID":[],"_EventVenueID":[],"_OrganizerEmail":"","_OrganizerPhone":"","_OrganizerWebsite":"","_VenueAddress":"","_VenueCity":"","_VenueCountry":"","_VenueProvince":"","_VenueState":"","_VenueZip":"","_VenuePhone":"","_VenueURL":"","_VenueStateProvince":"","_VenueLat":"","_VenueLng":"","_VenueShowMap":false,"_VenueShowMapLink":false,"_kadence_starter_templates_imported_post":false,"_kad_post_transparent":"","_kad_post_title":"hide","_kad_post_layout":"fullwidth","_kad_post_sidebar_id":"","_kad_post_content_style":"unboxed","_kad_post_vertical_padding":"","_kad_post_feature":"","_kad_post_feature_position":"","_kad_post_header":false,"_kad_post_footer":false,"_kad_post_classname":"","footnotes":""},"class_list":["post-1133","page","type-page","status-publish","hentry"],"taxonomy_info":[],"featured_image_src_large":false,"author_info":{"display_name":"serwis","author_link":"https:\/\/ghg.opole.pl\/index.php\/author\/mkf\/"},"comment_info":0,"_links":{"self":[{"href":"https:\/\/ghg.opole.pl\/index.php\/wp-json\/wp\/v2\/pages\/1133","targetHints":{"allow":["GET"]}}],"collection":[{"href":"https:\/\/ghg.opole.pl\/index.php\/wp-json\/wp\/v2\/pages"}],"about":[{"href":"https:\/\/ghg.opole.pl\/index.php\/wp-json\/wp\/v2\/types\/page"}],"author":[{"embeddable":true,"href":"https:\/\/ghg.opole.pl\/index.php\/wp-json\/wp\/v2\/users\/1"}],"replies":[{"embeddable":true,"href":"https:\/\/ghg.opole.pl\/index.php\/wp-json\/wp\/v2\/comments?post=1133"}],"version-history":[{"count":8,"href":"https:\/\/ghg.opole.pl\/index.php\/wp-json\/wp\/v2\/pages\/1133\/revisions"}],"predecessor-version":[{"id":4876,"href":"https:\/\/ghg.opole.pl\/index.php\/wp-json\/wp\/v2\/pages\/1133\/revisions\/4876"}],"up":[{"embeddable":true,"href":"https:\/\/ghg.opole.pl\/index.php\/wp-json\/wp\/v2\/pages\/1127"}],"wp:attachment":[{"href":"https:\/\/ghg.opole.pl\/index.php\/wp-json\/wp\/v2\/media?parent=1133"}],"curies":[{"name":"wp","href":"https:\/\/api.w.org\/{rel}","templated":true}]}}