{"id":1131,"date":"2023-11-10T09:39:05","date_gmt":"2023-11-10T08:39:05","guid":{"rendered":"http:\/\/nowa.ghg.opole.pl\/?page_id=1131"},"modified":"2024-04-23T13:53:20","modified_gmt":"2024-04-23T11:53:20","slug":"naprawa-i-remont-urzadzen","status":"publish","type":"page","link":"https:\/\/ghg.opole.pl\/index.php\/oferta\/serwis\/naprawa-i-remont-urzadzen\/","title":{"rendered":"Naprawa i remont urz\u0105dze\u0144"},"content":{"rendered":"<style>.kb-row-layout-id1131_d030d8-61 > .kt-row-column-wrap{align-content:start;}:where(.kb-row-layout-id1131_d030d8-61 > .kt-row-column-wrap) > .wp-block-kadence-column{justify-content:start;}.kb-row-layout-id1131_d030d8-61 > .kt-row-column-wrap{column-gap:var(--global-kb-gap-md, 2rem);row-gap:var(--global-kb-gap-md, 2rem);padding-top:var(--global-kb-spacing-sm, 1.5rem);padding-bottom:var(--global-kb-spacing-sm, 1.5rem);grid-template-columns:minmax(0, 1fr);}.kb-row-layout-id1131_d030d8-61{background-image:url('https:\/\/ghg.opole.pl\/wp-content\/uploads\/2023\/11\/wozek-widlowy11.jpg');background-size:cover;background-position:50% 27%;background-attachment:scroll;background-repeat:no-repeat;}.kb-row-layout-id1131_d030d8-61 > .kt-row-layout-overlay{opacity:0.30;}@media all and (max-width: 1024px){.kb-row-layout-id1131_d030d8-61 > .kt-row-column-wrap{grid-template-columns:minmax(0, 1fr);}}@media all and (max-width: 767px){.kb-row-layout-id1131_d030d8-61 > .kt-row-column-wrap{grid-template-columns:minmax(0, 1fr);}}<\/style><div class=\"kb-row-layout-wrap kb-row-layout-id1131_d030d8-61 alignnone kt-row-has-bg wp-block-kadence-rowlayout\"><div class=\"kt-row-column-wrap kt-has-1-columns kt-row-layout-equal kt-tab-layout-inherit kt-mobile-layout-row kt-row-valign-top\">\n<style>.kadence-column1131_ae16e3-93 > .kt-inside-inner-col{display:flex;}.kadence-column1131_ae16e3-93 > .kt-inside-inner-col{min-height:200px;}.kadence-column1131_ae16e3-93 > .kt-inside-inner-col,.kadence-column1131_ae16e3-93 > .kt-inside-inner-col:before{border-top-left-radius:0px;border-top-right-radius:0px;border-bottom-right-radius:0px;border-bottom-left-radius:0px;}.kadence-column1131_ae16e3-93 > .kt-inside-inner-col{column-gap:var(--global-kb-gap-sm, 1rem);}.kadence-column1131_ae16e3-93 > .kt-inside-inner-col{flex-direction:column;justify-content:center;}.kadence-column1131_ae16e3-93 > .kt-inside-inner-col > .aligncenter{width:100%;}.kt-row-column-wrap > .kadence-column1131_ae16e3-93{align-self:center;}.kt-inner-column-height-full:not(.kt-has-1-columns) > .wp-block-kadence-column.kadence-column1131_ae16e3-93{align-self:auto;}.kt-inner-column-height-full:not(.kt-has-1-columns) > .wp-block-kadence-column.kadence-column1131_ae16e3-93 > .kt-inside-inner-col{flex-direction:column;justify-content:center;}.kadence-column1131_ae16e3-93 > .kt-inside-inner-col:before{opacity:0.3;}.kadence-column1131_ae16e3-93{position:relative;}@media all and (max-width: 1024px){.kt-row-column-wrap > .kadence-column1131_ae16e3-93{align-self:center;}}@media all and (max-width: 1024px){.kt-inner-column-height-full:not(.kt-has-1-columns) > .wp-block-kadence-column.kadence-column1131_ae16e3-93{align-self:auto;}}@media all and (max-width: 1024px){.kt-inner-column-height-full:not(.kt-has-1-columns) > .wp-block-kadence-column.kadence-column1131_ae16e3-93 > .kt-inside-inner-col{flex-direction:column;justify-content:center;}}@media all and (max-width: 1024px){.kadence-column1131_ae16e3-93 > .kt-inside-inner-col{flex-direction:column;justify-content:center;}}@media all and (max-width: 767px){.kt-row-column-wrap > .kadence-column1131_ae16e3-93{align-self:center;}.kt-inner-column-height-full:not(.kt-has-1-columns) > .wp-block-kadence-column.kadence-column1131_ae16e3-93{align-self:auto;}.kt-inner-column-height-full:not(.kt-has-1-columns) > .wp-block-kadence-column.kadence-column1131_ae16e3-93 > .kt-inside-inner-col{flex-direction:column;justify-content:center;}.kadence-column1131_ae16e3-93 > .kt-inside-inner-col{flex-direction:column;justify-content:center;}}<\/style>\n<div class=\"wp-block-kadence-column kadence-column1131_ae16e3-93\"><div class=\"kt-inside-inner-col\"><style>.wp-block-kadence-advancedheading.kt-adv-heading1131_da36bc-e3, .wp-block-kadence-advancedheading.kt-adv-heading1131_da36bc-e3[data-kb-block=\"kb-adv-heading1131_da36bc-e3\"]{text-align:center;font-style:normal;text-transform:uppercase;}.wp-block-kadence-advancedheading.kt-adv-heading1131_da36bc-e3 mark.kt-highlight, .wp-block-kadence-advancedheading.kt-adv-heading1131_da36bc-e3[data-kb-block=\"kb-adv-heading1131_da36bc-e3\"] mark.kt-highlight{font-style:normal;color:#f76a0c;-webkit-box-decoration-break:clone;box-decoration-break:clone;padding-top:0px;padding-right:0px;padding-bottom:0px;padding-left:0px;}.wp-block-kadence-advancedheading.kt-adv-heading1131_da36bc-e3 img.kb-inline-image, .wp-block-kadence-advancedheading.kt-adv-heading1131_da36bc-e3[data-kb-block=\"kb-adv-heading1131_da36bc-e3\"] img.kb-inline-image{width:150px;vertical-align:baseline;}<\/style>\n<h1 class=\"kt-adv-heading1131_da36bc-e3 wp-block-kadence-advancedheading has-theme-palette-2-color has-text-color\" data-kb-block=\"kb-adv-heading1131_da36bc-e3\">Naprawa i remont urz\u0105dze\u0144<\/h1>\n<\/div><\/div>\n\n<\/div><\/div>\n\n<style>.kb-row-layout-id1131_0196e6-d5 > .kt-row-column-wrap{align-content:start;}:where(.kb-row-layout-id1131_0196e6-d5 > .kt-row-column-wrap) > .wp-block-kadence-column{justify-content:start;}.kb-row-layout-id1131_0196e6-d5 > .kt-row-column-wrap{column-gap:var(--global-kb-gap-md, 2rem);row-gap:var(--global-kb-gap-md, 2rem);padding-top:5%;padding-right:5%;padding-bottom:5%;padding-left:5%;grid-template-columns:minmax(0, 1fr);}.kb-row-layout-id1131_0196e6-d5 > .kt-row-layout-overlay{opacity:0.30;}@media all and (max-width: 1024px){.kb-row-layout-id1131_0196e6-d5 > .kt-row-column-wrap{grid-template-columns:minmax(0, 1fr);}}@media all and (max-width: 767px){.kb-row-layout-id1131_0196e6-d5 > .kt-row-column-wrap{grid-template-columns:minmax(0, 1fr);}}<\/style><div class=\"kb-row-layout-wrap kb-row-layout-id1131_0196e6-d5 alignnone wp-block-kadence-rowlayout\"><div class=\"kt-row-column-wrap kt-has-1-columns kt-row-layout-equal kt-tab-layout-inherit kt-mobile-layout-row kt-row-valign-top\">\n<style>.kadence-column1131_3a937b-f6 > .kt-inside-inner-col,.kadence-column1131_3a937b-f6 > .kt-inside-inner-col:before{border-top-left-radius:0px;border-top-right-radius:0px;border-bottom-right-radius:0px;border-bottom-left-radius:0px;}.kadence-column1131_3a937b-f6 > .kt-inside-inner-col{column-gap:var(--global-kb-gap-sm, 1rem);}.kadence-column1131_3a937b-f6 > .kt-inside-inner-col{flex-direction:column;}.kadence-column1131_3a937b-f6 > .kt-inside-inner-col > .aligncenter{width:100%;}.kadence-column1131_3a937b-f6 > .kt-inside-inner-col:before{opacity:0.3;}.kadence-column1131_3a937b-f6{position:relative;}@media all and (max-width: 1024px){.kadence-column1131_3a937b-f6 > .kt-inside-inner-col{flex-direction:column;justify-content:center;}}@media all and (max-width: 767px){.kadence-column1131_3a937b-f6 > .kt-inside-inner-col{flex-direction:column;justify-content:center;}}<\/style>\n<div class=\"wp-block-kadence-column kadence-column1131_3a937b-f6\" data-aos=\"slide-right\" data-aos-duration=\"800\"><div class=\"kt-inside-inner-col\"><style>.wp-block-kadence-advancedheading.kt-adv-heading1131_f05984-0c, .wp-block-kadence-advancedheading.kt-adv-heading1131_f05984-0c[data-kb-block=\"kb-adv-heading1131_f05984-0c\"]{font-style:normal;}.wp-block-kadence-advancedheading.kt-adv-heading1131_f05984-0c mark.kt-highlight, .wp-block-kadence-advancedheading.kt-adv-heading1131_f05984-0c[data-kb-block=\"kb-adv-heading1131_f05984-0c\"] mark.kt-highlight{font-style:normal;color:#f76a0c;-webkit-box-decoration-break:clone;box-decoration-break:clone;padding-top:0px;padding-right:0px;padding-bottom:0px;padding-left:0px;}.wp-block-kadence-advancedheading.kt-adv-heading1131_f05984-0c img.kb-inline-image, .wp-block-kadence-advancedheading.kt-adv-heading1131_f05984-0c[data-kb-block=\"kb-adv-heading1131_f05984-0c\"] img.kb-inline-image{width:150px;vertical-align:baseline;}<\/style>\n<p class=\"kt-adv-heading1131_f05984-0c wp-block-kadence-advancedheading\" data-kb-block=\"kb-adv-heading1131_f05984-0c\" data-aos-duration=\"800\" data-aos-delay=\"50\" data-aos-once=\"true\">Naprawy s\u0105 dokonywane po zaakceptowaniu kosztorysu naprawy przez Klienta, kt\u00f3ry przygotowujemy bezp\u0142atnie.\u00a0Naprawy oraz remonty wykonujemy u Klienta lub w bazie firmy.<\/p>\n\n\n<style>.wp-block-kadence-advancedheading.kt-adv-heading1131_382c79-1c, .wp-block-kadence-advancedheading.kt-adv-heading1131_382c79-1c[data-kb-block=\"kb-adv-heading1131_382c79-1c\"]{font-style:normal;}.wp-block-kadence-advancedheading.kt-adv-heading1131_382c79-1c mark.kt-highlight, .wp-block-kadence-advancedheading.kt-adv-heading1131_382c79-1c[data-kb-block=\"kb-adv-heading1131_382c79-1c\"] mark.kt-highlight{font-style:normal;color:#f76a0c;-webkit-box-decoration-break:clone;box-decoration-break:clone;padding-top:0px;padding-right:0px;padding-bottom:0px;padding-left:0px;}.wp-block-kadence-advancedheading.kt-adv-heading1131_382c79-1c img.kb-inline-image, .wp-block-kadence-advancedheading.kt-adv-heading1131_382c79-1c[data-kb-block=\"kb-adv-heading1131_382c79-1c\"] img.kb-inline-image{width:150px;vertical-align:baseline;}<\/style>\n<p class=\"kt-adv-heading1131_382c79-1c wp-block-kadence-advancedheading\" data-kb-block=\"kb-adv-heading1131_382c79-1c\" data-aos-duration=\"800\" data-aos-delay=\"400\" data-aos-once=\"true\">Oferujemy:<\/p>\n\n\n\n<ul class=\"wp-block-list\">\n<li>naprawy urz\u0105dze\u0144 d\u017awigowych i suwnicowych<\/li>\n\n\n\n<li>remonty elektrowci\u0105g\u00f3w i wind przemys\u0142owych<\/li>\n\n\n\n<li>renowacje maszyn i urz\u0105dze\u0144 przemys\u0142owych<\/li>\n\n\n\n<li>w\u00f3zki wid\u0142owe<\/li>\n\n\n\n<li>podesty ruchome<\/li>\n\n\n\n<li>\u017curawie samojezdne<\/li>\n\n\n\n<li>w\u00f3zki specjalistyczne<\/li>\n\n\n\n<li>podno\u015bniki samochodowe<\/li>\n<\/ul>\n<\/div><\/div>\n\n<\/div><\/div>","protected":false},"excerpt":{"rendered":"<p>Naprawa i remont urz\u0105dze\u0144 Naprawy s\u0105 dokonywane po zaakceptowaniu kosztorysu naprawy przez Klienta, kt\u00f3ry przygotowujemy bezp\u0142atnie.\u00a0Naprawy oraz remonty wykonujemy u Klienta lub w bazie firmy. Oferujemy:<\/p>\n","protected":false},"author":1,"featured_media":0,"parent":4807,"menu_order":1,"comment_status":"closed","ping_status":"closed","template":"","meta":{"_kad_blocks_custom_css":"","_kad_blocks_head_custom_js":"","_kad_blocks_body_custom_js":"","_kad_blocks_footer_custom_js":"","_EventAllDay":false,"_EventTimezone":"","_EventStartDate":"","_EventEndDate":"","_EventStartDateUTC":"","_EventEndDateUTC":"","_EventShowMap":false,"_EventShowMapLink":false,"_EventURL":"","_EventCost":"","_EventCostDescription":"","_EventCurrencySymbol":"","_EventCurrencyCode":"","_EventCurrencyPosition":"","_EventDateTimeSeparator":"","_EventTimeRangeSeparator":"","_EventOrganizerID":[],"_EventVenueID":[],"_OrganizerEmail":"","_OrganizerPhone":"","_OrganizerWebsite":"","_VenueAddress":"","_VenueCity":"","_VenueCountry":"","_VenueProvince":"","_VenueState":"","_VenueZip":"","_VenuePhone":"","_VenueURL":"","_VenueStateProvince":"","_VenueLat":"","_VenueLng":"","_VenueShowMap":false,"_VenueShowMapLink":false,"_kadence_starter_templates_imported_post":false,"_kad_post_transparent":"","_kad_post_title":"hide","_kad_post_layout":"fullwidth","_kad_post_sidebar_id":"","_kad_post_content_style":"unboxed","_kad_post_vertical_padding":"","_kad_post_feature":"","_kad_post_feature_position":"","_kad_post_header":false,"_kad_post_footer":false,"_kad_post_classname":"","footnotes":""},"class_list":["post-1131","page","type-page","status-publish","hentry"],"taxonomy_info":[],"featured_image_src_large":false,"author_info":{"display_name":"serwis","author_link":"https:\/\/ghg.opole.pl\/index.php\/author\/mkf\/"},"comment_info":0,"_links":{"self":[{"href":"https:\/\/ghg.opole.pl\/index.php\/wp-json\/wp\/v2\/pages\/1131","targetHints":{"allow":["GET"]}}],"collection":[{"href":"https:\/\/ghg.opole.pl\/index.php\/wp-json\/wp\/v2\/pages"}],"about":[{"href":"https:\/\/ghg.opole.pl\/index.php\/wp-json\/wp\/v2\/types\/page"}],"author":[{"embeddable":true,"href":"https:\/\/ghg.opole.pl\/index.php\/wp-json\/wp\/v2\/users\/1"}],"replies":[{"embeddable":true,"href":"https:\/\/ghg.opole.pl\/index.php\/wp-json\/wp\/v2\/comments?post=1131"}],"version-history":[{"count":5,"href":"https:\/\/ghg.opole.pl\/index.php\/wp-json\/wp\/v2\/pages\/1131\/revisions"}],"predecessor-version":[{"id":1282,"href":"https:\/\/ghg.opole.pl\/index.php\/wp-json\/wp\/v2\/pages\/1131\/revisions\/1282"}],"up":[{"embeddable":true,"href":"https:\/\/ghg.opole.pl\/index.php\/wp-json\/wp\/v2\/pages\/4807"}],"wp:attachment":[{"href":"https:\/\/ghg.opole.pl\/index.php\/wp-json\/wp\/v2\/media?parent=1131"}],"curies":[{"name":"wp","href":"https:\/\/api.w.org\/{rel}","templated":true}]}}